f - 34. List the prime factors of ((-6)/(-4))/((-6)/f).
2
Suppose 5*u - 458 = 4*c + 394, 692 = 4*u + 2*c. List the prime factors of u.
2, 43
Suppose 4*z - 4 = 2*z. Suppose -g - 8 = -z*g. List the prime factors of 2/g + (-28)/(-16).
2
Suppose -2*n = -0*n - 4. Suppose -q = -n*q + 19. List the prime factors of q.
19
Suppose -2*y = -11 - 49. List the prime factors of y.
2, 3, 5
Let u = 69 + -104. Let h = 74 + u. Suppose 0*i = 3*i - h. What are the prime factors of i?
13
Suppose -2*b + 7 = -31. Suppose -5 = -2*y - 3*a, 0*a + b = 5*y + a. Suppose y*x - 11 = -3*z, -4*z - x + 3*x = -22. List the prime factors of z.
5
Let b(h) = -h - 1. Let y be b(4). Let l = y - -7. Suppose 4*c - l*c + 5*t = 43, -2*c - t = -23. List the prime factors of c.
3
Let p(a) = 4*a + 1. Let z be p(-2). Let w = 8 + z. List the prime factors of 14/(w + -2 + 3).
7
Suppose -7*p = -4*p - 12. Suppose p*n = -7 - 9. List the prime factors of (2/n)/((-3)/66).
11
Let k(n) = -n**3 + 6*n**2 - 6*n - 1. Let s be k(6). What are the prime factors of s/(-2) + 3/6?
19
Suppose 0 + 3 = 3*m. Suppose 5*p = -4*h + 50, 6 = 5*p - 2*p. List the prime factors of 0/(-5) + h/m.
2, 5
Let c = 3 - 5. What are the prime factors of ((-61)/1)/(-3 - c)?
61
Suppose 0 = -2*r - h - 3, -2*h + h - 3 = -4*r. Let j be (-8 - -5)*(0 - 2)/2. Suppose r = 2*v - j*v + 2. What are the prime factors of v?
2
What are the prime factors of 264/(-16)*(2 - 168/9)?
5, 11
Let i = 40 - 25. Suppose -i = -2*p - p. Suppose -p*f + 0*f + 15 = 0. What are the prime factors of f?
3
Suppose 4*f + f = 160. Suppose 5*c + 28 = 3*s, -3*s - f = -6*s + c. What are the prime factors of s?
11
Suppose -4*r = -10*r - 6. Suppose 0 = 2*z + z. List the prime factors of 5 + (-1 - z)/r.
2, 3
Suppose 5*q - 3*g = -0*g + 230, 5*g = -q + 74. List the prime factors of q.
7
Suppose -3*h - 2*h - 75 = 5*z, -4*z + 4*h - 44 = 0. Let m = 8 - z. Suppose -r = q - m + 7, -3*q + 2*r + 32 = 0. List the prime factors of q.
2, 3
Let y(g) = -g**3 - 9*g**2 + 10*g + 10. Suppose -6 = q + 4. What are the prime factors of y(q)?
2, 5
Suppose -3*x + 45 = -0*x. Suppose -2*r = -3*u + r + 18, 3*r = 2*u - x. List the prime factors of u.
3
Let k = 0 + -1. Let c(s) = 2*s**2 - 2*s - 1. Let p be c(k). Suppose -p*o + 4*o = 8. What are the prime factors of o?
2
Suppose -4*t - s + 4*s = -287, 320 = 5*t + 4*s. What are the prime factors of t?
2, 17
Let t be (-2 - -1)/((-4)/20). Suppose -3*g + t*g = 48. List the prime factors of g.
2, 3
Suppose -b + 0*b + 54 = 0. List the prime factors of b.
2, 3
What are the prime factors of (-4 + 13)/(-2*2/(-96))?
2, 3
What are the prime factors of -8*(2 + -21) + -2?
2, 3, 5
Suppose -2*i + 488 = -0*i + 2*o, -984 = -4*i - 2*o. What are the prime factors of i?
2, 31
Let n = -6 + 6. Suppose 3*y + 3 - 15 = n. Suppose y*u - 2*w = 58, -u - 62 = -5*u - 2*w. List the prime factors of u.
3, 5
List the prime factors of 6*4/((-16)/(-18)).
3
Suppose 8 = -2*x - 4. Let k be (1*4)/(x/(-9)). Suppose i + 40 = k*i. List the prime factors of i.
2
Let q(r) = -6*r**3 - 45*r**2 + 29*r + 50. Let u(y) = -y**3 - 9*y**2 + 6*y + 10. Let p(h) = 2*q(h) - 11*u(h). What are the prime factors of p(7)?
2
Suppose -4*d + 124 = -0*d. What are the prime factors of d?
31
Suppose -s + 2 + 0 = 0. Suppose g + 3 = -s*g. What are the prime factors of 42/4 - g/(-2)?
2, 5
Suppose 20*z - 6 = 23*z. List the prime factors of z/3*162/(-12).
3
Let x = -25 + 41. Suppose 4*b = -x, -14 = -o - 3*b + 5*b. What are the prime factors of o?
2, 3
Suppose -u + 3*z = 30 - 113, 4*z = -u + 118. List the prime factors of u.
2, 7
Let t(o) be the third derivative of 1/120*o**6 - o**2 + 0*o - 1/3*o**3 + 0 + 1/24*o**4 + 1/60*o**5. What are the prime factors of t(2)?
2, 3
Let i = -71 - -198. List the prime factors of i.
127
Let a(p) be the second derivative of -p**3/2 + 5*p**2 + 7*p. What are the prime factors of a(-7)?
31
Let j(k) = 0*k + k + 10 - 3*k. List the prime factors of j(-9).
2, 7
Let j be 1*-1 - (4 + -5). Suppose j = 2*h - 0*h + 18. List the prime factors of -18*(1 - (-15)/h).
2, 3
Suppose -142 - 5 = -7*q. What are the prime factors of q?
3, 7
Let y(r) = r**3 + 7 + 9*r - r**3 - 9*r**2 + 0 + r**3. List the prime factors of y(8).
3, 5
Let m(v) = -v**3 - 7*v**2 - 4*v + 10. Let i be m(-6). Let a(w) = 2*w**2 - w - 3. What are the prime factors of a(i)?
7
Suppose -m = 4*m - 10. Let z(o) = 5*o - 2. Let v be z(m). Suppose w - 5*p - 9 = -0*p, -4*p = 3*w - v. What are the prime factors of w?
2
Suppose 70 = 3*b + 2*b. Let l = b - 10. Let n = l + 0. What are the prime factors of n?
2
What are the prime factors of -32*(15/(-6) + 2)?
2
Let q(y) = y**3 - 4*y**2 - 3*y - 6. Let j be q(5). Let w = 13 - j. Suppose -2*o + w = -9. List the prime factors of o.
3
Suppose -418 = -2*n + 2*b, -4*n + 400 = 3*b - 415. List the prime factors of n.
2, 103
Let h(l) = l**2 + l - 6. Let g be (-264)/42 - (-4)/14. What are the prime factors of h(g)?
2, 3
Let t be (3/6*2)/(-1). Let b be ((-3)/9)/(t/3). Suppose -b + 16 = 5*d - a, -5*d + 30 = -4*a. List the prime factors of d.
2
Let g(r) be the third derivative of r**5/5 + r**4/24 - 3*r**2. Suppose 3*l + 4*k - 23 = 0, 2*l - 4*k = -0*l - 18. List the prime factors of g(l).
13
Let j be ((-92)/2)/(22/363). List the prime factors of (-4)/5 - j/55.
13
Suppose 2*u + 2*u = 8, -4*h + 6 = -u. Suppose h = 4*a - 14. Suppose a*z - 18 = 26. List the prime factors of z.
11
Suppose x - 2*y = 2*y + 80, 2*x - 151 = 5*y. What are the prime factors of x?
2, 17
Let r(y) be the second derivative of -y**4/12 + 5*y**3/3 - 4*y**2 - 2*y. What are the prime factors of r(8)?
2
Let l be 6/(-33) + 92/22. Suppose l*d - 39 = d. List the prime factors of d.
13
Let l(r) = -r**2 - 8*r - 8. Let s be l(-6). Let h = 9 - s. List the prime factors of h.
5
Suppose 2*i - 9 = 3. What are the prime factors of i/36 - (-310)/12?
2, 13
Let l = 8 - -17. List the prime factors of l.
5
Let w = 127 + -79. Let o = 78 - w. Suppose 2*c + 3*c - b = o, -c - 3*b + 22 = 0. List the prime factors of c.
7
Suppose -5*f + 9 = -6. Suppose f*g - 40 = -g. What are the prime factors of g?
2, 5
Suppose -10 = 2*i + 4*d, i - 4*d = 7 - 0. Let m = 4 + i. What are the prime factors of m?
3
Let o = -40 + 130. List the prime factors of o.
2, 3, 5
Suppose -p + 11 = -22. What are the prime factors of p?
3, 11
Let u = 11 - 7. What are the prime factors of ((-2)/u*26)/(-1)?
13
Suppose -3*p - 18 + 69 = 0. What are the prime factors of p?
17
Suppose -3*a + 111 = -w, -2*a - 4*w = -28 - 32. List the prime factors of a.
2, 3
Suppose -3*y + 3*n = 9, -2*y - 3*y - 45 = n. Let k(o) = o**2 + 8*o + 3. What are the prime factors of k(y)?
3
Let z(q) = q**3 - 3*q**2 - 2*q. Let f = -8 + 12. Let l be z(f). Let p = l - 4. What are the prime factors of p?
2
Let v(y) = 2*y**2 - 5*y + 5. Let h be v(4). Suppose 2*z - 59 = h. Suppose -2*i - z = -4*i. What are the prime factors of i?
19
Suppose -x = -4*x - 5*c + 181, -4*x + 220 = -4*c. What are the prime factors of x?
3, 19
Suppose i - 54 = -4*t - i, 100 = 5*t - 4*i. What are the prime factors of t?
2
List the prime factors of (-2360)/(-32) + 2*2/16.
2, 37
Suppose 0 = 23*s - 20*s - 621. What are the prime factors of s?
3, 23
Suppose -12 = 3*x, -5*x = -0*p + 2*p + 14. Suppose p*i = -5*s + 14, 0*s + 28 = i - 3*s. Let j = i - 8. List the prime factors of j.
5
Let r(a) = 164*a + 1. List the prime factors of r(1).
3, 5, 11
Let q(v) = v**2 - 2*v + 7. Let n be q(5). Let o = -23 - -35. Let c = n - o. List the prime factors of c.
2, 5
Let q = 27 + -25. What are the prime factors of q?
2
Let s(d) = -d**3 - 9*d**2 - 3*d - 21. List the prime factors of s(-9).
2, 3
Let z be ((-42)/(-28))/((-6)/(-8)). Suppose s = -5*y - 0*s + 58, 3*y - 3*s = 24. Let f = z + y. What are the prime factors of f?
13
List the prime factors of -20*1/(-8)*142.
5, 71
Suppose 5*c - 2 = 3*b, -4*b + 0*c = 4*c - 40. List the prime factors of b.
2, 3
Let q be (-10 + 0)*(-3)/(-2). Let w = -11 - q. Suppose 0 = 3*l - w*j - 53, -3*l - 2*l + 5*j = -80. What are the prime factors of l?
11
Let a = 149 - 91. What are the prime factors of a?
2, 29
Let d(a) = -a**3 - 5*a**2 + 6*a - 2. Let o be d(-6). Let y be o - -4 - (1 + 1). Suppose y = 2*j - 7 - 7. What are the prime factors of j?
7
Let c = 26 + -20. List the prime factors of c.
2, 3
Suppose 8*w + x = 3*w + 116, -5*w - 5*x + 120 = 0. What are the 